ivided by 735?
468
What is the remainder when 357566 is divided by 119135?
161
What is the remainder when 40451215 is divided by 5999?
5957
What is the remainder when 9133635 is divided by 359?
316
What is the remainder when 1455278 is divided by 104?
6
Calculate the remainder when 355032 is divided by 485.
12
What is the remainder when 707789 is divided by 1005?
269
What is the remainder when 261069599 is divided by 1650?
1649
What is the remainder when 230096 is divided by 1667?
50
What is the remainder when 18378692 is divided by 4594665?
32
What is the remainder when 594140 is divided by 39580?
440
What is the remainder when 16999520 is divided by 612?
608
Calculate the remainder when 91936218 is divided by 69.
66
What is the remainder when 996496 is divided by 217?
32
What is the remainder when 12254792 is divided by 422579?
1
What is the remainder when 2364416 is divided by 34765?
396
Calculate the remainder when 52149 is divided by 1613.
533
What is the remainder when 682580 is divided by 136458?
290
What is the remainder when 727262386 is divided by 18?
16
Calculate the remainder when 7572557 is divided by 1136.
1117
Calculate the remainder when 6976 is divided by 2312.
40
What is the remainder when 36270550 is divided by 1822?
1818
What is the remainder when 562793 is divided by 148?
97
Calculate the remainder when 46725801 is divided by 263987.
102
Calculate the remainder when 11377 is divided by 10888.
489
Calculate the remainder when 67131 is divided by 63.
36
What is the remainder when 14762319 is divided by 4818?
4785
Calculate the remainder when 496294 is divided by 62025.
94
What is the remainder when 4675361 is divided by 935048?
121
Calculate the remainder when 504594 is divided by 2203.
107
Calculate the remainder when 896113 is divided by 2455.
38
Calculate the remainder when 2522973 is divided by 13209.
54
What is the remainder when 991411 is divided by 991388?
23
Calculate the remainder when 1380292 is divided by 708.
400
Calculate the remainder when 82322 is divided by 4212.
2294
Calculate the remainder when 170961 is divided by 920.
761
What is the remainder when 2778 is divided by 661?
134
What is the remainder when 5504376 is divided by 3?
0
What is the remainder when 19126 is divided by 1929?
1765
What is the remainder when 111813018 is divided by 7660?
7658
What is the remainder when 21021651 is divided by 111?
27
What is the remainder when 23687342 is divided by 162242?
10
What is the remainder when 133357810 is divided by 21?
19
Calculate the remainder when 245104672 is divided by 1929958.
6
What is the remainder when 70531 is divided by 1417?
1098
What is the remainder when 468382 is divided by 2983?
51
What is the remainder when 1537758 is divided by 1268?
942
What is the remainder when 383995 is divided by 25590?
145
Calculate the remainder when 33050 is divided by 6250.
1800
Calculate the remainder when 37129 is divided by 12263.
340
What is the remainder when 7344767 is divided by 48?
47
What is the remainder when 344890 is divided by 68662?
1580
Calculate the remainder when 4471462 is divided by 47.
23
What is the remainder when 344708030 is divided by 4231?
4229
Calculate the remainder when 15152 is divided by 1311.
731
Calculate the remainder when 1484854 is divided by 1614.
1588
What is the remainder when 2745361 is divided by 50?
11
Calculate the remainder when 232257 is divided by 116043.
171
What is the remainder when 3028851 is divided by 4093?
31
What is the remainder when 2747580 is divided by 3026?
2998
Calculate the remainder when 145806273 is divided by 231.
228
What is the remainder when 29045133 is divided by 56289?
9
What is the remainder when 72571 is divided by 2344?
2251
What is the remainder when 35169388 is divided by 4783?
4772
What is the remainder when 236365582 is divided by 336?
334
Calculate the remainder when 18936551 is divided by 2043.
2027
What is the remainder when 587077 is divided by 9933?
1030
Calculate the remainder when 158106 is divided by 26337.
84
Calculate the remainder when 10255612 is divided by 28.
24
What is the remainder when 874010 is divided by 33?
5
What is the remainder when 438576 is divided by 15123?
9
What is the remainder when 69799 is divided by 34745?
309
What is the remainder when 246037 is divided by 97?
45
Calculate the remainder when 3165 is divided by 1819.
1346
What is the remainder when 72120980 is divided by 139?
135
What is the remainder when 5741162 is divided by 1625?
37
Calculate the remainder when 20921848 is divided by 4112.
4104
What is the remainder when 467968 is divided by 116499?
1972
Calculate the remainder when 4540229 is divided by 98.
85
What is the remainder when 2091493 is divided by 80440?
53
What is the remainder when 15251570 is divided by 2541926?
14
Calculate the remainder when 7021082 is divided by 2733.
5
Calculate the remainder when 137463 is divided by 4293.
87
What is the remainder when 43085 is divided by 1792?
77
What is the remainder when 143407338 is divided by 3928?
3914
What is the remainder when 185513 is divided by 170?
43
What is the remainder when 159011 is divided by 9330?
401
Calculate the remainder when 397535 is divided by 132504.
23
What is the remainder when 2214952 is divided by 266?
236
Calculate the remainder when 7994254 is divided by 310.
284
What is the remainder when 1417187 is divided by 184?
19
What is the remainder when 34400517 is divided by 317?
311
What is the remainder when 674952 is divided by 74?
72
Calculate the remainder when 25931 is divided by 12771.
389
What is the remainder when 1155306 is divided by 19?
11
What is the remainder when 13964246 is divided by 258597?
8
Calculate the remainder when 1222164 is divided by 2459.
41
What is the remainder when 199666595 is divided by 350?
345
Calculate the remainder when 2019415 is divided by 1009677.
61
What is the remainder when 123536 is divided by 40396?
2348
What is the remainder when 114565774 is divided by 2922?
2920
Calculate the remainder when 609936 is divided by 2015.
1406
What is the remainder when 29740 is divided by 67?
59
Calculate the remainder when 3494673 is divided by 291013.
2517
What is the remainder when 306053 is divided by 76493?
81
Calculate the remainder when 2356387 is divided by 274.
261
Calculate the remainder when 13362001 is divided by 45.
16
What is the remainder when 511999 is divided by 3596?
1367
What is the remainder when 396038 is divided by 128591?
10265
Calculate the remainder when 30884770 is divided by 159.
133
What is the remainder when 4468185 is divided by 297879?
0
Calculate the remainder when 27732 is divided by 9230.
42
Calculate the remainder when 1498197 is divided by 12380.
217
Calculate the remainder when 16436657 is divided by 10.
7
What is the remainder when 5628936 is divided by 1407230?
16
Calculate the remainder when 113217 is divided by 112789.
428
What is the remainder when 398162 is divided by 148?
42
What is the remainder when 305559 is divided by 1528?
1487
What is the remainder when 27876541 is divided by 109?
9
Calculate the remainder when 10923315 is divided by 180.
15
Calculate the remainder when 271940 is divided by 131886.
8168
Calculate the remainder when 120928105 is divided by 41146.
11
What is the remainder when 261218 is divided by 74?
72
What is the remainder when 46772 is divided by 2221?
131
What is the remainder when 20839732 is divided by 1589?
1586
What is the remainder when 85969 is divided by 8441?
1559
Calculate the remainder when 126359919 is divided by 5209.
5206
What is the remainder when 63377935 is divided by 1286?
1283
Calculate the remainder when 279887 is divided by 46630.
107
What is the remainder when 780715 is divided by 965?
30
Calculate the remainder when 699292 is divided by 731.
456
Calculate the remainder when 1051586 is divided by 283.
241
Calculate the remainder when 20201 is divided by 3313.
323
Calculate the remainder when 1355227 is divided by 451652.
271
Calculate the remainder when 574692 is divided by 41.
36
What is the remainder when 681202 is divided by 24322?
186
Calculate the remainder when 142202 is divided by 112.
74
Calculate the remainder when 1017093 is divided by 7063.
21
Calculate the remainder when 3835117 is divided by 2